de2?
-26a1de0
In base 4, what is 133233001222 + 211?
133233002033
In base 4, what is 1123332001112 + -3?
1123332001103
In base 4, what is 2203201031130 + -10?
2203201031120
In base 11, what is -728008 + 0?
-728008
In base 6, what is 4221 - 203322?
-155101
In base 14, what is 0 + 9b47a2?
9b47a2
In base 13, what is 7831 + -1707?
6127
In base 3, what is -2022000102102112102 - 10?
-2022000102102112112
In base 14, what is a + -3515bd?
-3515b3
In base 12, what is 462924 + -7?
462919
In base 11, what is -22882 + -247?
-23019
In base 16, what is 11 + -3e3f26?
-3e3f15
In base 4, what is 130020321203 + -22?
130020321121
In base 16, what is -10 + 3a7592?
3a7582
In base 12, what is -9 + 36706ab?
36706a2
In base 15, what is 275ca + 0?
275ca
In base 10, what is -2079388683 + 3?
-2079388680
In base 9, what is -1 - -1525844?
1525843
In base 9, what is 5 + 4178062?
4178067
In base 12, what is -538925 + 3?
-538922
In base 10, what is -245532 + 10?
-245522
In base 8, what is -141666242 + -15?
-141666257
In base 3, what is 12 - 201201011102211000?
-201201011102210211
In base 4, what is 10321232023 - 1321?
10321230102
In base 12, what is -14547 - -384?
-14183
In base 3, what is -2221 - 12212012200?
-12212022121
In base 16, what is 17c + -107fc?
-10680
In base 11, what is -38718 - 1a6?
-38913
In base 6, what is -5 - 1122455130?
-1122455135
In base 5, what is -10424221 - 123?
-10424344
In base 10, what is 99412 - -25?
99437
In base 13, what is -38 + 39b9cc?
39b994
In base 5, what is 11232 + -30030?
-13243
In base 15, what is -68e9 + 83d?
-60ab
In base 12, what is -1563 - 5073?
-6616
In base 13, what is -4a294 - bc?
-4a383
In base 12, what is 2 + -254aa?
-254a8
In base 16, what is -20 - 27159?
-27179
In base 14, what is -9 + -1702836?
-1702841
In base 11, what is 4 + 12296aa?
1229703
In base 7, what is -15125 - 104305?
-122433
In base 9, what is -161404562 + 4?
-161404557
In base 6, what is 2032414 + -3045?
2025325
In base 8, what is -5 - 204510576?
-204510603
In base 16, what is 14 - -36f791e?
36f7932
In base 14, what is 11 - 206b?
-205a
In base 14, what is 23670a - 24?
2366c6
In base 14, what is 1 + -1621b149?
-1621b148
In base 15, what is -8aa86 - 24?
-8aaaa
In base 3, what is -221102 - -2020200100?
2012201221
In base 9, what is 3358851 - -4?
3358855
In base 15, what is 5d1eeb - -c?
5d2008
In base 3, what is 212122 + 1011201220?
1012121112
In base 2, what is 1011101001101101011 - -1011001?
1011101001111000100
In base 12, what is -224 - 13139?
-13361
In base 6, what is 13 - -3205235255?
3205235312
In base 12, what is 627 + -6974?
-6349
In base 15, what is -28 - 51cad?
-51cd6
In base 3, what is 120020120 - -10020121000?
10210211120
In base 8, what is -134 + -1470713?
-1471047
In base 2, what is 10110111110 + 10011101101100011111?
10011110000011011101
In base 11, what is -69660 + -8a4?
-6a454
In base 8, what is -4 + 1272265?
1272261
In base 12, what is -949b6 - -98a?
-94028
In base 4, what is 133001 - -2120212?
2313213
In base 10, what is -67914 + -3?
-67917
In base 7, what is 12 - -2505220?
2505232
In base 5, what is -141023113 + 1343?
-141021220
In base 8, what is 103274611 - -1?
103274612
In base 3, what is 1100 - -10122000110?
10122001210
In base 8, what is -326 - 42703?
-43231
In base 2, what is -10110 + 101110101000001010000100?
101110101000001001101110
In base 16, what is bda212 - -b?
bda21d
In base 15, what is -3e426 + -5a?
-3e481
In base 2, what is -111011110101110010111 - -11100?
-111011110101101111011
In base 16, what is -30 + -11788?
-117b8
In base 8, what is -5 + -1454425516?
-1454425523
In base 11, what is 757aa4 + 6?
757aaa
In base 10, what is 0 - 1561025?
-1561025
In base 14, what is -29c327bc - -5?
-29c327b7
In base 7, what is 1410465 + 2154?
1412652
In base 9, what is 848 - -126773?
127732
In base 13, what is -769 + -15322?
-15a8b
In base 16, what is -8a - -88fc?
8872
In base 14, what is 1b38 + 4dbc7?
51921
In base 4, what is -3202012012312 - 3?
-3202012012321
In base 7, what is 366441425 + 2?
366441430
In base 15, what is 2b1 + 1b49?
1e0a
In base 15, what is -2854 + 841?
-2013
In base 7, what is -16421 - -415?
-16003
In base 8, what is 331124716 + 3?
331124721
In base 14, what is -50 + cb7ba?
cb76a
In base 11, what is 59a6264 - 6?
59a6259
In base 7, what is 2 + 3150160?
3150162
In base 4, what is 1011211133 + 232313?
1012110112
In base 11, what is -15a2a6 - 1?
-15a2a7
In base 3, what is 200220011100012011 - 1?
200220011100012010
In base 7, what is 23013024 + -15?
23013006
In base 4, what is -1312300 - 12302?
-1331202
In base 16, what is -aa7 + -12181?
-12c28
In base 9, what is -43785 - 7602?
-52487
In base 2, what is -1010100001010000 + -1011010?
-1010100010101010
In base 9, what is -147674 - 3565?
-152350
In base 3, what is -120200 + 22211200012?
22211002112
In base 3, what is 10 - -1222010210112100?
1222010210112110
In base 8, what is 1343725 - 4?
1343721
In base 3, what is 12 - 211000002112000?
-211000002111211
In base 15, what is -17 + -8da376?
-8da38d
In base 3, what is 22222102221212000 + -12?
22222102221211211
In base 7, what is 1 - 56501026?
-56501025
In base 15, what is -7837 - ac?
-78e4
In base 9, what is 14783 + -6332?
7451
In base 3, what is 201110002 - 1020201122?
-112021120
In base 3, what is -11 + 1120011200022011?
1120011200022000
In base 13, what is 7c7379 - -4?
7c7380
In base 8, what is 242 + -104165?
-103723
In base 10, what is 5330 + -175?
5155
In base 16, what is -485 + -44fd2?
-45457
In base 12, what is -b310 - -711?
-a7bb
In base 13, what is 46572c7 + -3?
46572c4
In base 6, what is -330241101 + -23?
-330241124
In base 8, what is -4 + -133757763?
-133757767
In base 11, what is 54 + -325021?
-324a78
In base 12, what is 8 + -12794a8?
-12794a0
In base 15, what is -7e1a66 - -2?
-7e1a64
In base 10, what is 5 + 8228374?
8228379
In base 14, what is -bd9dd8 - 3?
-bd9ddb
In base 4, what is 1022120301 + 13?
1022120320
In base 12, what is -3 + -345276?
-345279
In base 6, what is 1540 - 233444?
-231504
In base 8, what is -7424 + 2042?
-5362
In base 9, what is -3146 - -21041?
16784
In base 11, what is -2 + -6a70aa8?
-6a70aaa
In base 16, what is 41 + -1abcf?
-1ab8e
In base 16, what is 124971 + -3e?
124933
In base 7, what is -4 + 264211100?
264211063
In base 14, what is -4d - -94a30?
949c1
In base 14, what is -34a3a63 + -2?
-34a3a65
In base 12, what is -4b7560 + 51?
-4b750b
In base 5, what is -1200 + -121342?
-123042
In base 5, what is -311033204 + 2234?
-311030420
In base 16, what is d2b9be6 - 3?
d2b9be3
In base 13, what is 9576 + 35c?
9905
In base 6, what is -302341 + 1410?
-300531
In base 8, what is -346725 - 435?
-347362
In base 2, what is -100111001111001110 + -111001111?
-100111010110011101
In base 14, what is 33654d2 - -2?
33654d4
In base 5, what is -112142 + 10042?
-102100
In base 15, what is 3a - 161b74b?
-161b711
In base 13, what is -2a9aa + -16?
-2a9c3
In base 7, what is -233303 - 162?
-233465
In base 9, what is 81830 - 34621?
46208
In base 8, what is 36530 + -6541?
27767
In base 4, what is -12 - -310133301?
310133223
In base 11, what is 4 + -53465a?
-534656
In base 13, what is -36209 + -429?
-36635
In base 12, what is 456 - 467581?
-467127
In base 11, what is -121a + -a349?
-10568
In base 9, what is -1643511760 - 1?
-1643511761
In base 9, what is -6 + -85853787?
-85853804
In base 13, what is -753b025 - 0?
-753b025
In base 13, what is 233 - -173?
3a6
In base 15, what is -5198 - 2917?
-7ab0
In base 11, what is -16 - -4a8759?
4a8743
In base 8, what is 3115534 + -5?
3115527
In base 2, what is 1100 + 1110100000010111010010?
1110100000010111011110
In base 7, what is 415066 - -4?
415103
In base 11, what is 127481 + 1982?
129353
In base 3, what is -1 + 220111010100?
220111010022
In base 15, what is 3367 + 38db?
6c53
In base 11, what is -6811 - -6a0?
-6121
In base 14, what is -42cd12b - 2?
-42cd12d
In base 11, what is -11861a + 1?
-118619
In base 4, what is 11 - 210102302012?
-210102302001
In base 4, what is 1310331 + 113101?
2030032
In base 16, what is -17 - a378f?
-a37a6
In base 11, what is -136a274 - 6?
-136a27a
In base 5, what is -43133211 - 203?
-43133414
In base 15, what is -b5 + -60b80?
-60c45
In base 7, what is -3 + -122031031?
-122031034
In base 3, what is -1111010 + 1212102?
101022
In base 3, what is -1101011210010 - 2?
-11